pose 0*p + p + 5 = 0. Give s(p).
-5
Let p = 164521/120 + -1371. Let u(c) be the third derivative of 0*c**3 + 0*c + 5/24*c**4 + 0 - c**2 - 1/20*c**5 - p*c**6. Calculate u(-4).
-4
Let z(b) = -b**3 - 5*b**2 + b + 6. Suppose -8 = -2*i - 18. What is z(i)?
1
Let j(t) be the first derivative of -7*t + 3 - 1/3*t**3 + 7/2*t**2. What is j(5)?
3
Let z(h) be the second derivative of h**7/2520 + h**6/180 - h**5/120 - h**4/6 - 3*h. Let j(w) be the third derivative of z(w). Calculate j(-5).
4
Let c(u) be the second derivative of -u**3/6 + 4*u**2 + 13*u. Give c(0).
8
Suppose -l = -6*l + 10. Let t(j) = 2*j**2 - 15*j + 6. Let q(m) = m**2 - 8*m + 3. Let u(g) = -11*q(g) + 6*t(g). Calculate u(l).
3
Let i(r) be the third derivative of -7*r**6/120 - r**5/60 - r**4/24 - r**3/6 - 29*r**2. Suppose 0 = -4*j - 12, -17 + 0 = 2*z + 5*j. Give i(z).
6
Let t(y) = -y + 12. Let m = -7 + 20. Let u be t(m). Let p(w) = -4*w**3 + 2*w**2 + w. Calculate p(u).
5
Let v(w) = -w**3 + 9*w**2 - w + 11. Let h be v(9). Let z(j) = 2*j**2 - 6*j + 1. Let c(l) = -2*l**2 + 7*l - 1. Let b(n) = 4*c(n) + 5*z(n). Determine b(h).
5
Let c(a) = -a + 6. Let b(h) = -2 + 6 - h + 7. Let k(n) = -3*b(n) + 5*c(n). Suppose -22 - 3 = 5*l. What is k(l)?
7
Let s(g) = 4*g - 2*g - 2 + 4. Calculate s(-5).
-8
Let q(k) = k**2 + 1. Let f(y) = -y**3 + 14*y**2 + 14*y + 13. Let o be f(15). What is q(o)?
5
Suppose -f + 12 = 3*f, -4*f + 16 = -2*s. Let o(v) = v**2 + v - 1. Let p(z) = -7*z**2 - 4*z + 9. Let y(q) = 6*o(q) + p(q). Calculate y(s).
-5
Let c(d) be the second derivative of 5*d**4/12 - d**3/6 + 2*d. Suppose -v + 1 - 8 = 0. Let p(i) = i**3 + 8*i**2 + 6*i - 8. Let x be p(v). Give c(x).
6
Let r(u) = 4 + 200*u - 6 - 206*u. What is r(-2)?
10
Let j(s) = 6*s**2 - 11*s + 31. Let v(m) = m**2 - 2*m + 6. Let u(d) = -2*j(d) + 11*v(d). Let r = 1 - -2. Determine u(r).
-5
Suppose -3*j - 2*j - 20 = 0. Let p(t) = -3*t - 1. Let s(x) = -7*x - 3. Let k(h) = 9*p(h) - 4*s(h). What is k(j)?
-1
Let c(w) be the second derivative of w**3/3 - w**2 - 14*w. Determine c(4).
6
Let c(h) = -h**3 + 2*h**2 + h - 2. Let d = 18 - 20. Let x be ((-3)/d)/((-3)/(-6)). Calculate c(x).
-8
Let g(r) be the second derivative of -r**3/6 - r**2/2 - r. Let u = -129 + 126. Calculate g(u).
2
Let r be -2 + 2 + (2 - 1). Let t be (8/(-2))/(-2 + r). Let m(x) = 4*x + 58*x**2 + 1 - 32*x**2 - 27*x**2. What is m(t)?
1
Let i(u) = 4*u**2 + 2*u. Let z be i(-1). Let h(o) be the second derivative of -o**4/12 + o**3/6 + 3*o. Calculate h(z).
-2
Let c(o) = -7*o**2 - o + 9. Let w(k) = 13*k**2 + k - 17. Let g(m) = -11*c(m) - 6*w(m). Determine g(5).
3
Let z be 210/9 - 1/3. Suppose 5*l - z = 2*u - 3*u, -21 = -3*u - 3*l. Let j(d) = 2*d**2 + d**3 - 3*d**2 + 0*d**u + 5. What is j(0)?
5
Let m(g) = 8 + 6 + 4*g - 12 + 1. Calculate m(-2).
-5
Let x(d) = -2*d**2 + 6*d + 2. Let f be x(4). Let a(b) = -5*b**2 + 5 + b**2 + 8*b + 5*b**2. What is a(f)?
-7
Let w(q) be the second derivative of q**5/20 + 5*q**4/12 - 4*q**3/3 - 9*q**2/2 + q. Give w(-6).
3
Let y(w) = w**2 + w - 4. Let h(l) = -4*l + 9. Let f be h(3). What is y(f)?
2
Let w(q) = -q - 3. Let f be (4/(-6))/((-2)/21). Let y be -2*(-1)/(-2) - f. Let k = y + 12. Calculate w(k).
-7
Let s(y) = -5*y - 2. Let c(g) = 12*g + 3. Let p(v) = 3*c(v) + 7*s(v). Calculate p(7).
2
Suppose 4*h - 2*v = 6, 5*h + v = h + 9. Let i(q) be the third derivative of 1/3*q**3 + q**h - 5/24*q**4 + 0*q + 0. Calculate i(-2).
12
Suppose 6*y = 11*y. Suppose -1 = 3*c - 10. Let q = y - c. Let v(a) = -4*a - 4. Give v(q).
8
Let a(s) be the second derivative of s**3/6 - s**2 - 4*s. What is a(1)?
-1
Let k(i) be the second derivative of i**5/20 - i**4/12 + i**3/6 - 3*i**2 - i. Suppose 0 = -0*d + 3*d. Calculate k(d).
-6
Suppose 4*m = v + 14, m + 4 = 5*v + 17. Let o be v/1*(-2)/2. Let j(n) = 2*n - 1. Give j(o).
3
Let z(c) = 5*c + 2. Suppose -4*r = 2*j + 90, -2*r + 2*j - 66 = -12. Let l = r - -22. Determine z(l).
-8
Suppose 0 = -4*h - 10 + 30. Suppose 8*c = 5*k + 3*c + 45, -h*c + 25 = -3*k. Let i(u) = u**3 + 11*u**2 + 11*u + 11. Let m be i(k). Let a(w) = 3*w + 1. Give a(m).
4
Let y(w) = 0 + 2 + 0*w**2 + w**2 - 6*w. Let p(q) = 7*q**2 + 2*q + 1. Let g be p(-1). Give y(g).
2
Let l(u) be the first derivative of 2*u + 8 + 1/2*u**2. Give l(0).
2
Let w = -13 - -15. Let i(u) = 4*u + 2*u + u + 2*u**2 + 2 - 6*u. Give i(w).
12
Let l be (-5 - 1)/((-9)/6). Suppose 0 = -l*s + 7 + 5. Suppose 2*j = a + 3*a - 16, -5*j - 26 = -s*a. Let x(r) = r**2 + 2*r - 4. Calculate x(j).
4
Let j(y) = -y**3 - 3*y**2 + 11*y + 6. Let d be j(-5). Let h(q) = 2*q**3 + q**2 - q. What is h(d)?
2
Suppose -q = 3*q. Let t = -1 - -2. Let o(n) = -4 + 2 + t + n. Determine o(q).
-1
Suppose w = 2*f - 8, 0 = -0*w + 3*w - 5*f + 19. Let v(k) = 4 - k**3 - 1 - 2*k - 2*k**w + 1 - 2*k**2. Calculate v(-3).
1
Let n(i) = -i**3 + 12*i**2 - 12*i + 10. Let b be n(11). Let h(j) = 9*j + 1. Determine h(b).
-8
Let m(h) = h**2 + 6*h + 3. Suppose -3*d = d - 72. Suppose 2*x + d = -x. Let i be m(x). Let w(k) = k**3 - 3*k**2 + 2*k + 1. Give w(i).
7
Let h(q) = 4*q**2 + 2*q - 1. Let j(s) = -2*s**2. Let g be j(-1). What is h(g)?
11
Let i(h) = -h - 12. Suppose 0 = -3*m + 8*m + 25. What is i(m)?
-7
Let h = -16 + 22. Suppose -40 = -5*z - 2*i, -5*i - 65 = -h*z + 2*z. Suppose z = 3*g - 5. Let v(k) = -k**3 + 6*k**2 - 5*k + 6. Calculate v(g).
6
Suppose 8 + 14 = 2*m. Suppose x + m = -3*u, x + 2*u + 5 = -2*x. Let k(o) = -3*o + 10*o - 3 + 4. Give k(x).
8
Let n = 3 - 0. Let o(p) = -2 - 2*p**3 + n*p**2 + 6 + p**3. Let l be o(3). Let g(r) = -r**3 + 5*r**2 - 3*r + 2. What is g(l)?
6
Let q(j) = -3*j**2 - 37*j + 27. Let b(c) = -c**2 - 12*c + 9. Let m(l) = -7*b(l) + 2*q(l). Calculate m(-11).
2
Let y(b) = 7 - 1 - 3 - 2 - 8*b. Let p be y(-3). Suppose -6*a + p = -a. Let z(u) = -u + 9. What is z(a)?
4
Let c = 15 - 10. Suppose -m - 2*m = -c*g + 11, 3*g - 12 = 0. Suppose 4*y + 3*l - 6*l = -8, m*l = 0. Let k(x) = x**3 + 4*x**2 + 4*x + 3. Determine k(y).
3
Let n(h) = -3*h**2 - h - 1. Let z(q) = -q**2 + 3*q - 1. Let x be z(0). Determine n(x).
-3
Let b(o) = 7*o + 19. Let z(u) = -15*u - 40. Let c(n) = 13*b(n) + 6*z(n). Calculate c(-6).
1
Let n(i) = -6*i**3 - i**2 + i + 1. Let x be n(-1). Suppose 4*m + 17 = -q, -m + 0*q - 28 = x*q. Let y(g) = -4*g. Calculate y(m).
12
Let q(y) = 3*y - 7. Let w(p) be the second derivative of -5*p**3/3 + 11*p**2 + p. Let h(x) = -7*q(x) - 2*w(x). Suppose 0 = -2*a + 5*a. Calculate h(a).
5
Let l(x) = 4*x - 1. Let j be ((-1)/(-3))/((-2)/(-30)). Let o(y) = 7*y - 2. Let g(r) = j*l(r) - 3*o(r). Calculate g(-3).
4
Let y(z) be the second derivative of -1/3*z**3 + 0 - z + z**2. Determine y(5).
-8
Let o(v) = 11*v**2 - 11*v - 29. Let t(f) = 4*f**2 - 4*f - 10. Let m(q) = -3*o(q) + 8*t(q). Suppose 3*y = 4*j, -6*j = y - 4*j. Calculate m(y).
7
Let c(r) be the third derivative of -r**6/120 + r**5/30 - r**4/8 + r**3/2 - 9*r**2. What is c(2)?
-3
Let w(d) be the first derivative of -d**5/20 + d**4/3 + d**3/3 - 5*d**2/2 - 2*d + 1. Let s(p) be the first derivative of w(p). Give s(4).
3
Let a(h) = -7*h**2 - h**2 - 6*h - h**3 + 9 + 0*h**2. Let i be a(-7). Let w(l) = 1 - 4*l - l**i - 2*l - 3. Calculate w(-5).
3
Let c(l) = -l**3 - 3*l**2 - l + 2. Let z = 11 - 13. Calculate c(z).
0
Let m(q) = 11*q - 19. Let w(g) = -16*g + 28. Let u(o) = 7*m(o) + 5*w(o). Let d(v) = -2*v + 1. Let b be d(-2). Determine u(b).
-8
Let p = -6 + 8. Suppose 15 = -p*u - 3*u. Let t(d) = 6 - 4 + 2 + d**3 + 2*d**2. What is t(u)?
-5
Let x(f) be the first derivative of f**2 - 1. Let n be x(3). Let j(z) = -z**2 + 6*z - 7. Determine j(n).
-7
Let b = 3 - 3. Suppose b = 3*v - 6 + 3. Let o(i) = -v - i**2 + 1 + 2 - 4*i. What is o(-4)?
2
Suppose -4 = -5*g + 4*g. Let x(y) = -2*y**2 + 4*y + 1. Give x(g).
-15
Let q = 18 + -11. Let z(c) = -4*c - c + 13 + 4*c. Give z(q).
6
Let f(t) = 0*t**3 + 5*t + 4*t**2 - 3*t**3 - 5*t + 7. Let r(o) = 8*o**3 - 12*o**2 - 20. Let h(u) = -11*f(u) - 4*r(u). Calculate h(-4).
3
Suppose -w = v + 2, 4*w = -v - 0*v - 8. Suppose -4*y + 18 + 6 = v. Suppose -y = -5*q + 14. Let i(a) = -a**2 + a + 5. What is i(q)?
-7
Let c(p) = -p**3 - 9*p**2 - p - 6. Let n be c(-9). Let h(b) = b**3 - 6*b - 5*b**n - 2 + 3*b**3 - 5*b**2 + 1. Give h(-4).
7
Suppose -4*s = 3*a - 2, -s + 2 = -5*s - 5*a. Let o(j) be the second derivative of -1/6*j**3 + 2*j + 0*j**s - 1/2*j**4 + 0. Give o(-1).
-5
Let g(d) = 5*d**3 - d**2 + 1